e?
True
Suppose -3*t - 5*n + 23 = 0, -2*t + 3*n - 17 = -7*t. Let z(v) = -20*v + 1. Let c be z(t). Let y = c - -44. Is y prime?
False
Let l = 2207 + 4262. Is l a composite number?
False
Let g(u) = -291*u - 11. Is g(-6) a prime number?
False
Let g be 11/(-2) + 5/10. Is -4*(285/4)/g composite?
True
Suppose -15 = 5*i - 3*l, 4*l = -6*i + 4*i + 20. Suppose i*d = d - 635. Suppose -3*h = 2*h - d. Is h a prime number?
True
Let j be (-2)/(-5) + (-7)/5. Let v(g) = -74*g**2 + g + 1. Let l be v(j). Is (l/8)/((-3)/12) a prime number?
True
Let x = 4 - 6. Let a(l) = -12*l + 2. Let o be a(x). Suppose -m - o = -81. Is m composite?
True
Let z = 7 - 33. Is -2 + (3 - (z - -1)) a composite number?
True
Suppose -2345 = -3*a - 3*d + 97, 2443 = 3*a + 2*d. Is a a composite number?
True
Suppose 7*c - 2*c - 2*b = 2997, b = -5*c + 2994. Is c prime?
True
Let k(c) = 2*c**2 - 11*c + 6. Let y(v) = 3*v**2 + 9*v - 4. Let i be y(-4). Is k(i) a prime number?
False
Let l be (-10)/3*3/(-2). Suppose 0 = -4*a + 2*j + 174, l*a = 3*j + 224 - 6. Suppose 5*y - a - 132 = 0. Is y prime?
False
Suppose 117*i - 3820 = 113*i. Is i a prime number?
False
Let j be (-621)/(-33) + 4/22. Suppose -2*c = -9 - j. Is c a prime number?
False
Let o = -46 + 81. Is o a prime number?
False
Suppose 0*l - 3*l - 111 = 0. Let y = l + -23. Let b = y + 99. Is b a composite number?
True
Let q be 3/2*(-40)/(-15). Suppose 5*c = 4*w - 134, q*w = -2*c + c + 122. Is w a prime number?
True
Let c = 56 + 60. Let k = 190 - c. Is k composite?
True
Let r(v) be the third derivative of v**6/120 + v**5/15 - v**4/3 - v**3 - 3*v**2. Is r(-5) a composite number?
True
Suppose -6188 = -7*l + 1239. Is l a prime number?
True
Let h = 4 - 5. Let z = 4 - h. Suppose l = -z + 70. Is l a prime number?
False
Let r = 504 + -173. Is r a prime number?
True
Let b(z) = -11*z**3 - 9*z**2 - 12*z - 11. Is b(-5) prime?
False
Let s be ((-27)/(-18))/((-6)/(-1004)). Suppose 5*q - s - 14 = 0. Is q prime?
True
Let u(y) = -8*y - 5. Is u(-3) a composite number?
False
Suppose -h + 6*h + 55 = 0. Let f = -8 - h. Is (f + -4)/((-1)/3) prime?
True
Suppose 3*f = 3*a + 4*f - 2026, -4*f + 2011 = 3*a. Is a a composite number?
False
Is (-273)/(-9) - (-6)/9 prime?
True
Let p(s) = -446*s - 5. Is p(-2) composite?
False
Let a be 2/(-4 + (-40)/(-12)). Let p(g) = 5 - g - 10*g - 1. Is p(a) composite?
False
Suppose 2*o = o + 3. Suppose 0*i - 3*i - o*y + 879 = 0, 3*i = -4*y + 881. Suppose i = -3*u + 6*u. Is u prime?
True
Suppose 4*z + z - 1055 = 0. Is z composite?
False
Suppose -n + 80 = 4*n. Let v(h) = 20*h**3 - 4*h**2 + 4*h - 3. Let k be v(2). Suppose k + n = 3*x. Is x prime?
False
Let x be (171/(1/(-1)))/(-1). Suppose -5*i - 500 - 106 = -4*z, 334 = -3*i - 5*z. Let r = x + i. Is r composite?
False
Let d = -65 + -153. Let j = d - -15. Let g = 346 + j. Is g a composite number?
True
Suppose 4*h + 182 = -0*u + 2*u, -2*u - 3*h = -154. Is u prime?
True
Suppose 2 + 1 = -3*c - 4*d, d + 3 = 0. Let n(i) = -i + 2*i**2 + 5*i**2 + 2*i**2 + 4 - 4*i**2. Is n(c) prime?
False
Let r(x) = -x**3 - 17*x**2 + 31*x + 45. Is r(-26) composite?
False
Let k(o) = 136*o**2 - 2*o - 3. Is k(-5) a prime number?
True
Let k be (140/(-21))/((-4)/78). Suppose 4*p + t = -k + 440, 4*p - t - 306 = 0. Is p a composite number?
True
Suppose -9*k = 4402 - 14131. Is k prime?
False
Let l be (-5)/(-15) + (-22)/3. Let p = 18 + l. Is p composite?
False
Let y = 221 - 96. Suppose -4*u + y = -751. Is u a composite number?
True
Suppose 0 = 3*m - 5*r - 1664, 3*m - 1684 = -r + 2*r. Is m a prime number?
True
Suppose -959 = -4*n - 3*s - 204, 4*n = s + 767. Is n composite?
False
Let s = 76 - 25. Suppose -3 - s = -2*v. Let i = v - -8. Is i prime?
False
Let g(v) = -v - 8. Let a(j) = -5*j - 41. Let s(o) = 2*a(o) - 11*g(o). Let h be (-2)/3 - 2/(-3). Is s(h) composite?
True
Let m be (-73)/(-2)*2 + -2. Suppose 2*z - 277 = -m. Is z composite?
False
Suppose 0 = 37*h - 36*h - 889. Is h a composite number?
True
Let o = -405 + 703. Is o a composite number?
True
Let h(a) = 2*a + 1043. Let v be (-6)/(1 + 1) + 3. Is h(v) prime?
False
Let v = 0 + 14. Let l = 63 + v. Is l prime?
False
Suppose -3*h + 51 = -3*t, h - 47 = 3*t - 0*h. Let n be (-4)/6*(-3)/2. Is 0 + -2 - t*n prime?
True
Is (-10)/25 + 727/5 composite?
True
Suppose o + o - 6 = 0. Let b(g) = 5*g**2 - g - 3. Is b(o) prime?
False
Let p = -105 + 254. Is p a prime number?
True
Let l = -8 - -13. Suppose -l*o - 31 = -6*o. Is o prime?
True
Let v(o) be the third derivative of o**6/60 - o**5/15 + o**4/12 - 5*o**3/6 + 2*o**2. Let b be v(4). Let u = b - -12. Is u prime?
True
Suppose -5 = -5*j + 2*c + 13, 0 = -4*j + 4*c + 12. Suppose 0 = -4*z - u + 7, 5*u + 1 = -j. Is z*9/6 - -94 a composite number?
False
Let j(r) = -2*r - 3*r**3 - r + 2*r**3 + r + 10*r**2 + 6. Is j(8) a prime number?
False
Let j(g) = -1 + 5*g - g**2 + 7*g**2 - g. Is j(4) a composite number?
True
Let p(z) = 648*z**2 + 4*z + 5. Is p(-1) prime?
False
Let c = 263 + 1818. Is c a prime number?
True
Let j = 3 + -5. Is (-3)/(-6)*j*-79 a prime number?
True
Let a(y) be the third derivative of y**6/120 - y**4/8 - 2*y**3/3 + y**2. Is a(3) a prime number?
False
Suppose 7*f = 20*f - 4953. Is f prime?
False
Let b(y) = -y**2 - 3*y. Let m be b(-3). Suppose a - 4 = o - m*o, o + 2*a - 8 = 0. Suppose o*x - 2*x = -14. Is x a prime number?
True
Let d(u) = u**3 + 2*u + 4. Let v be d(-3). Suppose -4*q - s + 6*s = 401, -q = 3*s + 79. Let j = v - q. Is j prime?
False
Let z(h) = h - 7. Let j(g) = -g + 7. Let i = -5 + 9. Let l(r) = i*z(r) + 5*j(r). Is l(0) a prime number?
True
Let x be (-22)/(-5)*10/(-2). Is (-1918)/x - 26/143 composite?
True
Let x(v) = 21*v - 5. Is x(2) a composite number?
False
Let y(i) = 16*i + 36. Let p(t) = -5*t - 12. Let z(q) = 10*p(q) + 3*y(q). Let o be z(-8). Suppose -o*l + 95 = l. Is l prime?
True
Suppose 3*r - 2 - 1 = 0. Suppose 3*p - 7 + r = 0. Suppose -p*w - 69 = -5*w. Is w composite?
False
Suppose 4*l - 2*v - 46 + 0 = 0, 0 = -3*v - 9. Let o be (-4)/l + 1248/20. Let x = 5 + o. Is x a prime number?
True
Suppose x = -0*x. Suppose x = 5*r + 2*f - 167, -3*r + 69 + 32 = 2*f. Is r composite?
True
Let g(d) = -d**3 - 2*d**2 - 2*d - 3. Is g(-4) composite?
False
Let x(b) = -3*b + 4 + 4 - 4 + 11*b**2 - 5. Is x(4) a prime number?
True
Suppose -11 = -3*k - 38. Let b(t) = -3*t + 6. Let h be b(k). Let x = h + 4. Is x prime?
True
Let m be (-2)/2 + 3 + 10. Suppose 2*g - m = 26. Is g prime?
True
Suppose -n = -0*n - 1643. Is n composite?
True
Let n be 8/6*1*-6. Let q = n - -6. Is (-9 + -2 + q)*-3 a composite number?
True
Let l(y) = -5*y + 631. Is l(0) a prime number?
True
Let y(p) = p**3 + p**2 - 7*p - 5. Let a(g) = -2*g**3 - 4*g**2 - 2*g + 2. Let m be a(-2). Is y(m) composite?
True
Let f(g) = 2*g**2 - 8*g - 11. Let u = -4 - -12. Is f(u) prime?
True
Let t(k) = 13*k**2 - 17*k - 3. Is t(7) a composite number?
True
Suppose 4*q + 7 = 3*w - 608, -2*q + 4*w = 310. Let o = -56 - q. Is o a composite number?
False
Let m(u) = 34*u**2 - 5*u - 3. Is m(4) a composite number?
False
Let y be (-5)/(1/26*-2). Suppose 40 = 5*c - y. Is c a composite number?
True
Suppose 2*d + 0*y - y - 47 = 0, -25 = -5*y. Suppose 0 = -i + 4*i + 4*h - d, 5*i + 2*h = 34. Is i a composite number?
True
Suppose 0 = 2*s + s. Is (6 - -47)*(1 - s) a composite number?
False
Suppose 2*z = 4*z - 6. Suppose -z*u = -8*u + 1645. Is u a composite number?
True
Suppose 530 = -0*f + 5*f. Is f composite?
True
Let x be 48/9 - (-4)/6. Let l = 20 - x. Is l composite?
True
Suppose 2*f - 5*f = 3*j - 2607, -2579 = -3*j + 4*f. Is j a prime number?
False
Let o = 16 + -11. Let h(r) = r**2 - 7*r - 13. Let v(a) = a**2 - 6*a - 12. Let c(z) = -5*h(z) + 6*v(z). Is c(o) a prime number?
True
Let t be (-2 - -5) + (2 - 0). Suppose 5*h + 4*w - 251 = 0, t*h - 2*w = h + 206. Is h composite?
True
Let f = 0 + -1. Let a be (f + 3)/((-12)/(-234)). Let m = a + -26. Is m composite?
False
Let n be (-2 + (-9)/(-12))*-100. Is 1 + n - (3 + -6) a prime number?
False
Let a(p) = 14*p**3 + p - 1. Let x(k) = k**2 - 5*k + 1. Let m be x(5). Suppose -3 - m = -4*u. Is a(u) a prime number?
False
Let k(h) = 5*h**2 - 2*h + 1. Let b be k(1). Let g = 5 - b. Suppose -2 - g = -x. Is x a composite number?
False
Suppose 2*n - 121 = -3*s, -2*s - 4*n - 2 = -88. Is s a composite number?
True
Let z(v) = 0 - 1 + 2. Let j(k) = -4*k**2 + 3*k + 3. Let g(i)